{"id":665,"date":"2023-11-15T14:00:33","date_gmt":"2023-11-15T14:00:33","guid":{"rendered":"https:\/\/petarleventic.com\/?page_id=665"},"modified":"2024-01-31T10:22:08","modified_gmt":"2024-01-31T10:22:08","slug":"about-me-1","status":"publish","type":"page","link":"http:\/\/petarleventic.com\/fr\/about-me-1\/","title":{"rendered":"\u00c0 propos de moi"},"content":{"rendered":"<p id=\"E309\">J\u2019ai grandi en Bosnie-Herz\u00e9govine pendant les turbulences des ann\u00e9es 80 et 90. \u00c0 l\u2019\u00e2ge de dix-huit ans, je me suis inscrit \u00e0 l\u2019Acad\u00e9mie d\u2019art Dramatique de Zagreb, en Croatie, o\u00f9 j\u2019ai obtenu un dipl\u00f4me de master en art dramatique. Peu apr\u00e8s, je suis devenu membre permanent de l\u2019ensemble professionnel du Jeune Th\u00e9\u00e2tre de Zagreb. J\u2019y ai travaill\u00e9 pendant vingt ans en tant que com\u00e9dien et j\u2019ai particip\u00e9 \u00e0 plus de soixante productions th\u00e9\u00e2trales. J\u2019ai collabor\u00e9 avec des r\u00e9alisateurs europ\u00e9ens de premier plan et particip\u00e9 \u00e0 de nombreux festivals sur tout le continent.<\/p>\n\n\n\n<p id=\"E309\">J\u2019ai \u00e9galement une exp\u00e9rience dans d\u2019autres formes d\u2019arts du spectacle et de prestations publiques. J\u2019ai particip\u00e9 \u00e0 divers films et \u00e9missions de t\u00e9l\u00e9vision. J\u2019ai \u00e9galement enregistr\u00e9 de nombreuses pi\u00e8ces de th\u00e9\u00e2tre radio pour le service public croate, des films et s\u00e9ries anim\u00e9s synchronis\u00e9s et j\u2019ai \u00e9galement anim\u00e9 divers types d\u2019\u00e9v\u00e9nements.<\/p>\n\n\n\n<p id=\"E344\">\u00c0 un moment donn\u00e9 de ma carri\u00e8re, j\u2019ai ressenti ce souhait d\u2019\u00eatre avec les gens d\u2019une mani\u00e8re diff\u00e9rente. Apr\u00e8s r\u00e9flexion et recherche, j\u2019ai opt\u00e9 pour le <a href=\"http:\/\/petarleventic.com\/fr\/coaching\/\" data-type=\"link\" data-id=\"https:\/\/petarleventic.com\/en\/coaching\/\">coaching.<\/a>Je me suis inscrit \u00e0 la Somatic Coaching School, qui propose une approche nouvelle et innovante de la profession. Je combine \u00e0 ma formation de coach les comp\u00e9tences et l\u2019exp\u00e9rience artistiques et la cr\u00e9ativit\u00e9 du monde th\u00e9\u00e2tral. <\/p>\n\n\n\n<p id=\"E344\">Je vis et travaille \u00e0 Bruxelles.<\/p>\n\n\n\n<p id=\"E388\"><strong>Quelques anecdotes:<\/strong><\/p>\n\n\n\n<p id=\"E392\">Je suis toujours partant pour une pizza<\/p>\n\n\n\n<p id=\"E396\">Quand j\u2019\u00e9tais enfant, j\u2019avais peur des couchers de soleil<\/p>\n\n\n\n<p id=\"E399\">Je ne mange rien avec les yeux<\/p>\n\n\n\n<p id=\"E401\">J\u2019aime l\u2019indiff\u00e9rence in\u00e9puisable des chats<\/p>\n\n\n\n<p id=\"E403\">Je combine parfois une m\u00e9ditation avec une sieste \u00ae<\/p>\n\n\n\n<p id=\"E405\">Ne me demandez pas ma pr\u00e9f\u00e9rence je n\u2019en n\u2019ai pas<\/p>\n\n\n\n<p><\/p>\n\n\n\n\n\n<figure class=\"wp-block-image size-large\"><img loading=\"lazy\" decoding=\"async\" width=\"1024\" height=\"490\" src=\"https:\/\/petarleventic.com\/wp-content\/uploads\/2023\/11\/petarl_leventic_somatic_coaching1-scaled-e1700057516233-1024x490.jpg\" alt=\"\" class=\"wp-image-656\" srcset=\"https:\/\/petarleventic.com\/wp-content\/uploads\/2023\/11\/petarl_leventic_somatic_coaching1-scaled-e1700057516233-1024x490.jpg 1024w, https:\/\/petarleventic.com\/wp-content\/uploads\/2023\/11\/petarl_leventic_somatic_coaching1-scaled-e1700057516233-300x143.jpg 300w, https:\/\/petarleventic.com\/wp-content\/uploads\/2023\/11\/petarl_leventic_somatic_coaching1-scaled-e1700057516233-768x367.jpg 768w, https:\/\/petarleventic.com\/wp-content\/uploads\/2023\/11\/petarl_leventic_somatic_coaching1-scaled-e1700057516233-1536x734.jpg 1536w, https:\/\/petarleventic.com\/wp-content\/uploads\/2023\/11\/petarl_leventic_somatic_coaching1-scaled-e1700057516233-2048x979.jpg 2048w, https:\/\/petarleventic.com\/wp-content\/uploads\/2023\/11\/petarl_leventic_somatic_coaching1-scaled-e1700057516233-850x406.jpg 850w\" sizes=\"auto, (max-width: 1024px) 100vw, 1024px\" \/><\/figure>","protected":false},"excerpt":{"rendered":"<p>I grew up in Bosnia and Herzegovina during the turbulent 80&#8217;s and 90&#8217;s. At the age of eighteen, I enrolled in the Academy of Dramatic Art in Zagreb, Croatia, where I graduated with a Masters degree in Acting. Soon afterwards, I became a permanent member of the professional acting ensemble&#8230;<\/p>","protected":false},"author":1,"featured_media":656,"parent":0,"menu_order":0,"comment_status":"closed","ping_status":"closed","template":"","meta":{"footnotes":""},"class_list":["post-665","page","type-page","status-publish","has-post-thumbnail","hentry"],"_links":{"self":[{"href":"http:\/\/petarleventic.com\/fr\/wp-json\/wp\/v2\/pages\/665","targetHints":{"allow":["GET"]}}],"collection":[{"href":"http:\/\/petarleventic.com\/fr\/wp-json\/wp\/v2\/pages"}],"about":[{"href":"http:\/\/petarleventic.com\/fr\/wp-json\/wp\/v2\/types\/page"}],"author":[{"embeddable":true,"href":"http:\/\/petarleventic.com\/fr\/wp-json\/wp\/v2\/users\/1"}],"replies":[{"embeddable":true,"href":"http:\/\/petarleventic.com\/fr\/wp-json\/wp\/v2\/comments?post=665"}],"version-history":[{"count":24,"href":"http:\/\/petarleventic.com\/fr\/wp-json\/wp\/v2\/pages\/665\/revisions"}],"predecessor-version":[{"id":895,"href":"http:\/\/petarleventic.com\/fr\/wp-json\/wp\/v2\/pages\/665\/revisions\/895"}],"wp:featuredmedia":[{"embeddable":true,"href":"http:\/\/petarleventic.com\/fr\/wp-json\/wp\/v2\/media\/656"}],"wp:attachment":[{"href":"http:\/\/petarleventic.com\/fr\/wp-json\/wp\/v2\/media?parent=665"}],"curies":[{"name":"wp","href":"https:\/\/api.w.org\/{rel}","templated":true}]}}

À propos de moi

<p id="E309">J’ai grandi en Bosnie-Herzégovine pendant les turbulences des années 80 et 90. À l’âge de dix-huit ans, je me suis inscrit à l’Académie d’art Dramatique de Zagreb, en Croatie, où j’ai obtenu un diplôme de master en art dramatique. Peu après, je suis devenu membre permanent de l’ensemble professionnel du Jeune Théâtre de Zagreb. J’y ai travaillé pendant vingt ans en tant que comédien et j’ai participé à plus de soixante productions théâtrales. J’ai collaboré avec des réalisateurs européens de premier plan et participé à de nombreux festivals sur tout le continent.</p>



<p id="E309">J’ai également une expérience dans d’autres formes d’arts du spectacle et de prestations publiques. J’ai participé à divers films et émissions de télévision. J’ai également enregistré de nombreuses pièces de théâtre radio pour le service public croate, des films et séries animés synchronisés et j’ai également animé divers types d’événements.</p>



<p id="E344">À un moment donné de ma carrière, j’ai ressenti ce souhait d’être avec les gens d’une manière différente. Après réflexion et recherche, j’ai opté pour le <a href="http://petarleventic.com/fr/coaching/" data-type="link" data-id="https://petarleventic.com/en/coaching/">coaching.</a>Je me suis inscrit à la Somatic Coaching School, qui propose une approche nouvelle et innovante de la profession. Je combine à ma formation de coach les compétences et l’expérience artistiques et la créativité du monde théâtral. </p>



<p id="E344">Je vis et travaille à Bruxelles.</p>



<p id="E388"><strong>Quelques anecdotes:</strong></p>



<p id="E392">Je suis toujours partant pour une pizza</p>



<p id="E396">Quand j’étais enfant, j’avais peur des couchers de soleil</p>



<p id="E399">Je ne mange rien avec les yeux</p>



<p id="E401">J’aime l’indifférence inépuisable des chats</p>



<p id="E403">Je combine parfois une méditation avec une sieste ®</p>



<p id="E405">Ne me demandez pas ma préférence je n’en n’ai pas</p>



<p></p>





<figure class="wp-block-image size-large"><img loading="lazy" decoding="async" width="1024" height="490" src="https://petarleventic.com/wp-content/uploads/2023/11/petarl_leventic_somatic_coaching1-scaled-e1700057516233-1024x490.jpg" alt="" class="wp-image-656" srcset="https://petarleventic.com/wp-content/uploads/2023/11/petarl_leventic_somatic_coaching1-scaled-e1700057516233-1024x490.jpg 1024w, https://petarleventic.com/wp-content/uploads/2023/11/petarl_leventic_somatic_coaching1-scaled-e1700057516233-300x143.jpg 300w, https://petarleventic.com/wp-content/uploads/2023/11/petarl_leventic_somatic_coaching1-scaled-e1700057516233-768x367.jpg 768w, https://petarleventic.com/wp-content/uploads/2023/11/petarl_leventic_somatic_coaching1-scaled-e1700057516233-1536x734.jpg 1536w, https://petarleventic.com/wp-content/uploads/2023/11/petarl_leventic_somatic_coaching1-scaled-e1700057516233-2048x979.jpg 2048w, https://petarleventic.com/wp-content/uploads/2023/11/petarl_leventic_somatic_coaching1-scaled-e1700057516233-850x406.jpg 850w" sizes="auto, (max-width: 1024px) 100vw, 1024px" /></figure>
